72964?
False
Does 719 divide 1349668846?
False
Does 34 divide 129048295?
False
Does 72 divide 170761968?
True
Is 20153876 a multiple of 51?
False
Is 72954126 a multiple of 36?
False
Is 51509113 a multiple of 27?
False
Is 2854440 a multiple of 3?
True
Is 133843024 a multiple of 2296?
True
Is 2264 a factor of 109593448?
True
Does 1162 divide 165243491?
False
Is 17 a factor of 1046237443?
True
Is 1403473783 a multiple of 76?
False
Is 2687 a factor of 184304017?
True
Is 196 a factor of 24535229?
False
Is 1474720480 a multiple of 16?
True
Is 18377370 a multiple of 6?
True
Does 9 divide 60884035?
False
Is 273 a factor of 759973578?
True
Is 191 a factor of 4527846?
True
Is 13 a factor of 80933502?
True
Is 665 a factor of 50540000?
True
Is 55 a factor of 2847845?
True
Is 82303636 a multiple of 1532?
True
Does 54 divide 188935308?
True
Does 8 divide 920567792?
True
Does 1118 divide 203343467?
False
Is 135867648 a multiple of 384?
True
Does 22 divide 5860874118?
True
Is 61416241 a multiple of 53?
True
Is 973 a factor of 18529812?
True
Is 345634908 a multiple of 10?
False
Is 52380075 a multiple of 367?
True
Is 1521905 a multiple of 649?
True
Is 58031829 a multiple of 27?
True
Does 3379 divide 77296878?
False
Does 680 divide 880227939?
False
Is 537 a factor of 79409949?
True
Is 182 a factor of 4861903592?
True
Does 973 divide 87375245?
False
Does 90 divide 110141224?
False
Is 60532793 a multiple of 1069?
False
Is 88 a factor of 726451176?
True
Is 146 a factor of 31846980?
True
Is 495 a factor of 33832442?
False
Is 113 a factor of 546363808?
False
Is 9915 a factor of 696062745?
True
Is 39726531 a multiple of 81?
True
Is 1857352544 a multiple of 1674?
False
Is 10693151 a multiple of 138?
False
Is 35 a factor of 480816035?
True
Is 28 a factor of 234592344?
True
Is 233 a factor of 71596989?
False
Is 208 a factor of 9044880?
True
Does 335 divide 646820010?
True
Is 17 a factor of 4477435037?
False
Is 206 a factor of 16264112?
True
Is 112989647 a multiple of 8?
False
Is 2054 a factor of 84429956?
False
Is 24306968 a multiple of 266?
False
Does 1763 divide 866609702?
True
Is 9 a factor of 87473810?
False
Is 16 a factor of 3708880?
True
Does 2457 divide 87545367?
True
Does 24 divide 956566659?
False
Is 33 a factor of 32618817?
True
Is 7 a factor of 9782087?
True
Is 497 a factor of 184502056?
False
Is 47 a factor of 44070678?
True
Does 160 divide 30447360?
True
Is 1358407260 a multiple of 84?
True
Is 112 a factor of 40658113?
False
Does 95 divide 255626710?
False
Is 26 a factor of 1722452458?
False
Is 697939076 a multiple of 226?
True
Is 98 a factor of 1074806376?
True
Is 1752 a factor of 40562304?
True
Does 40 divide 212992080?
True
Does 1663 divide 1210680630?
True
Is 5651 a factor of 146304390?
True
Does 111 divide 1137327090?
True
Is 3 a factor of 4331389?
False
Is 21 a factor of 241594080?
True
Does 65 divide 2220920?
True
Is 90 a factor of 15143295?
False
Is 27 a factor of 291364172?
False
Is 1141997690 a multiple of 5?
True
Is 1179 a factor of 890832630?
False
Is 23 a factor of 80733542?
True
Does 2680 divide 309095120?
True
Does 187 divide 425090745?
False
Is 165 a factor of 357553350?
True
Is 10 a factor of 203976150?
True
Is 56789767 a multiple of 52?
False
Is 13 a factor of 10750458?
False
Is 546517216 a multiple of 23?
False
Does 361 divide 412288725?
False
Does 4872 divide 87592311?
False
Does 839 divide 117360998?
True
Is 379 a factor of 9113528?
False
Is 707850 a multiple of 330?
True
Is 433 a factor of 113256096?
False
Is 115371280 a multiple of 40?
True
Does 510 divide 70789530?
True
Does 16 divide 3947897?
False
Is 22655213 a multiple of 7?
True
Is 393 a factor of 13488939?
True
Does 7 divide 8598905?
True
Does 223 divide 227850919?
True
Is 312555486 a multiple of 61?
False
Does 342 divide 94375242?
True
Is 14 a factor of 147664524?
True
Is 4 a factor of 18263177?
False
Does 6 divide 2811707097?
False
Does 3278 divide 173084956?
True
Does 349 divide 127097424?
True
Is 193472972 a multiple of 308?
True
Does 28 divide 11890676?
True
Is 1166 a factor of 34773618?
True
Is 1829686653 a multiple of 801?
True
Is 1166820780 a multiple of 491?
False
Is 100 a factor of 1406866?
False
Is 2367986303 a multiple of 10899?
False
Is 103778928 a multiple of 27?
True
Does 1516 divide 91922660?
True
Is 157603002 a multiple of 331?
True
Is 124642336 a multiple of 26?
True
Is 29 a factor of 742100314?
True
Does 92 divide 353953992?
True
Does 1341 divide 33531705?
True
Is 27 a factor of 1076553558?
True
Does 1300 divide 620379051?
False
Does 13 divide 355902560?
True
Does 9 divide 399715910?
False
Is 99303082 a multiple of 7?
False
Is 72 a factor of 541308233?
False
Is 131322 a multiple of 84?
False
Is 44057336 a multiple of 1382?
False
Is 776267237 a multiple of 637?
False
Is 11553746 a multiple of 13?
False
Is 291 a factor of 14283633?
False
Is 75719209 a multiple of 47?
True
Does 34 divide 59955083?
False
Is 453 a factor of 69099261?
True
Is 21315837 a multiple of 42?
False
Is 1520751501 a multiple of 281?
False
Is 19 a factor of 18253871?
False
Does 37 divide 423333032?
False
Does 13 divide 567601567?
True
Is 8 a factor of 3041577?
False
Does 67 divide 16964820?
False
Does 1909 divide 40675829?
False
Does 7092 divide 2153287224?
True
Is 100816144 a multiple of 143?
True
Is 101 a factor of 176018154?
True
Does 890 divide 62137555?
False
Does 2740 divide 132796840?
True
Does 19 divide 51869183?
True
Does 40 divide 168848466?
False
Does 122 divide 59484210?
False
Is 11684935 a multiple of 19?
False
Does 9095 divide 2228588684?
False
Is 168203760 a multiple of 12?
True
Is 685080974 a multiple of 973?
False
Does 2358 divide 142056331?
False
Does 30 divide 1017913980?
True
Does 6 divide 544095173?
False
Is 159947711 a multiple of 36?
False
Does 9 divide 827429814?
True
Is 13394895 a multiple of 255?
True
Is 24 a factor of 65385456?
True
Is 150 a factor of 21834900?
True
Is 64256570 a multiple of 10?
True
Does 465 divide 44160390?
False
Is 404199860 a multiple of 355?
False
Does 93 divide 64418124?
True
Is 37968750 a multiple of 1215?
True
Is 3 a factor of 35730608?
False
Does 92 divide 30536417?
False
Is 244228545 a multiple of 2994?
False
Is 197810950 a multiple of 5?
True
Does 2936 divide 38235528?
True
Is 2046 a factor of 1139752944?
True
Is 403767159 a multiple of 89?
False
Does 347 divide 35463876?
False
Is 111 a factor of 698115973?
False
Is 232442366 a multiple of 46?
False
Is 340 a factor of 67741078?
False
Is 419850606 a multiple of 6181?
True
Is 9013267 a multiple of 109?
False
Is 1745 a factor of 16162190?
True
Is 220 a factor of 1213407756?
False
Is 172934283 a multiple of 917?
False
Is 107 a factor of 2091260760?
False
Is 1292 a factor of 3543956?
True
Does 65 divide 74691370?
True
Is 16 a factor of 1576862514?
False
Is 2075 a factor of 480968106?
False
Is 12 a factor of 248931552?
True
Does 165 divide 76797765?
True
Is 33 a factor of 109101066?
False
Is 15 a factor of 75662325?
True
Does 1565 divide 2270815?
True
Is 17 a factor of 3072155?
True
Does 355 divide 97397445?
True
Does 17 divide 4005355?
False
Is 110 a factor of 53938266?
False
Is 5357 a factor of 5315234547?
False
Is 313084567 a multiple of 256?
False
Is 116321700 a multiple of 1396?
True
Is 5 a factor of 945959480?
True
Is 1024374668 a multiple of 41?
True
Is 14 a factor of 188603284?
False
Is 205916760 a multiple of 33?
False
Does 38 divide 63789916?
True
Is 26 a factor of 13681252?
True
Is 271754084 a multiple of 14?
True
Is 161687410 a multiple of 2?
True
Is 110791366 a multiple of 9?
False
Is 26 a factor of 323606166?
True
Does 250 divide 55249750?
True
Is 12372904 a multiple of 8?
True
Is 65341404 a multiple of 2800?
False
Is 248523216 a multiple of 564?
True
Does 3 divide 46224558?
True
Is 254 a factor of 636951736?
True
Does 82 divide 3776100?
True
Is 358 a factor of 1093173783?
False
Does 362 divide 24836136?
False
Is 89777883 a multiple of 13?
True
Does 362 divide 267587142?
True
Is 1303471689 a multiple of 583?
False
Is 44 a factor of 4898192772?
True
Is 1397 a factor of 37566727?
True
Is 363 a factor of 790701846?
True
Is 227 a factor of 77414945?
True
Is 1347136224 a multiple of 177?
False
Is 652064 a multiple of 568?
True
Does 3 divide 71672131?
False
Is 280269553 a multiple o